{"id":7,"date":"2019-10-12T07:53:36","date_gmt":"2019-10-12T10:53:36","guid":{"rendered":"https:\/\/rbnaconsult.com\/certificacao-antissuborno\/?page_id=7"},"modified":"2024-06-26T10:51:12","modified_gmt":"2024-06-26T13:51:12","slug":"home","status":"publish","type":"page","link":"https:\/\/rbnaconsult.com\/certificacao-antissuborno\/","title":{"rendered":"Home"},"content":{"rendered":"","protected":false},"excerpt":{"rendered":"","protected":false},"author":1,"featured_media":0,"parent":0,"menu_order":0,"comment_status":"closed","ping_status":"closed","template":"","meta":[],"yoast_head":"<!-- This site is optimized with the Yoast SEO plugin v20.10 - https:\/\/yoast.com\/wordpress\/plugins\/seo\/ -->\n<title>Certifica\u00e7\u00e3o Antissuborno ISO 37001 | Lei 12.846 Anticorrup\u00e7\u00e3o<\/title>\n<meta name=\"description\" content=\"Obtenha a Certifica\u00e7\u00e3o Antissuborno com base na ISO 37001, reduza o risco de ocorr\u00eancia de suborno e esteja em conformidade com a Lei 12.846 Anticorrup\u00e7\u00e3o.\" \/>\n<meta name=\"robots\" content=\"index, follow, max-snippet:-1, max-image-preview:large, max-video-preview:-1\" \/>\n<link rel=\"canonical\" href=\"https:\/\/rbnaconsult.com\/certificacao-antissuborno\/\" \/>\n<meta property=\"og:locale\" content=\"pt_BR\" \/>\n<meta property=\"og:type\" content=\"article\" \/>\n<meta property=\"og:title\" content=\"Certifica\u00e7\u00e3o Antissuborno ISO 37001 | Lei 12.846 Anticorrup\u00e7\u00e3o\" \/>\n<meta property=\"og:description\" content=\"Obtenha a Certifica\u00e7\u00e3o Antissuborno com base na ISO 37001, reduza o risco de ocorr\u00eancia de suborno e esteja em conformidade com a Lei 12.846 Anticorrup\u00e7\u00e3o.\" \/>\n<meta property=\"og:url\" content=\"https:\/\/rbnaconsult.com\/certificacao-antissuborno\/\" \/>\n<meta property=\"og:site_name\" content=\"Certifica\u00e7\u00e3o ISO 37001\" \/>\n<meta property=\"article:modified_time\" content=\"2024-06-26T13:51:12+00:00\" \/>\n<meta name=\"twitter:card\" content=\"summary_large_image\" \/>\n<script type=\"application\/ld+json\" class=\"yoast-schema-graph\">{\"@context\":\"https:\/\/schema.org\",\"@graph\":[{\"@type\":\"WebPage\",\"@id\":\"https:\/\/rbnaconsult.com\/certificacao-antissuborno\/\",\"url\":\"https:\/\/rbnaconsult.com\/certificacao-antissuborno\/\",\"name\":\"Certifica\u00e7\u00e3o Antissuborno ISO 37001 | Lei 12.846 Anticorrup\u00e7\u00e3o\",\"isPartOf\":{\"@id\":\"https:\/\/rbnaconsult.com\/certificacao-antissuborno\/#website\"},\"datePublished\":\"2019-10-12T10:53:36+00:00\",\"dateModified\":\"2024-06-26T13:51:12+00:00\",\"description\":\"Obtenha a Certifica\u00e7\u00e3o Antissuborno com base na ISO 37001, reduza o risco de ocorr\u00eancia de suborno e esteja em conformidade com a Lei 12.846 Anticorrup\u00e7\u00e3o.\",\"breadcrumb\":{\"@id\":\"https:\/\/rbnaconsult.com\/certificacao-antissuborno\/#breadcrumb\"},\"inLanguage\":\"pt-BR\",\"potentialAction\":[{\"@type\":\"ReadAction\",\"target\":[\"https:\/\/rbnaconsult.com\/certificacao-antissuborno\/\"]}]},{\"@type\":\"BreadcrumbList\",\"@id\":\"https:\/\/rbnaconsult.com\/certificacao-antissuborno\/#breadcrumb\",\"itemListElement\":[{\"@type\":\"ListItem\",\"position\":1,\"name\":\"In\u00edcio\",\"item\":\"https:\/\/rbnaconsult.com\/certificacao-antissuborno\/\"},{\"@type\":\"ListItem\",\"position\":2,\"name\":\"Home\"}]},{\"@type\":\"WebSite\",\"@id\":\"https:\/\/rbnaconsult.com\/certificacao-antissuborno\/#website\",\"url\":\"https:\/\/rbnaconsult.com\/certificacao-antissuborno\/\",\"name\":\"Certifica\u00e7\u00e3o ISO 37001\",\"description\":\"Certifique o seu sistema de gest\u00e3o antissuborno e minimize riscos\",\"potentialAction\":[{\"@type\":\"SearchAction\",\"target\":{\"@type\":\"EntryPoint\",\"urlTemplate\":\"https:\/\/rbnaconsult.com\/certificacao-antissuborno\/?s={search_term_string}\"},\"query-input\":\"required name=search_term_string\"}],\"inLanguage\":\"pt-BR\"}]}<\/script>\n<!-- \/ Yoast SEO plugin. -->","yoast_head_json":{"title":"Certifica\u00e7\u00e3o Antissuborno ISO 37001 | Lei 12.846 Anticorrup\u00e7\u00e3o","description":"Obtenha a Certifica\u00e7\u00e3o Antissuborno com base na ISO 37001, reduza o risco de ocorr\u00eancia de suborno e esteja em conformidade com a Lei 12.846 Anticorrup\u00e7\u00e3o.","robots":{"index":"index","follow":"follow","max-snippet":"max-snippet:-1","max-image-preview":"max-image-preview:large","max-video-preview":"max-video-preview:-1"},"canonical":"https:\/\/rbnaconsult.com\/certificacao-antissuborno\/","og_locale":"pt_BR","og_type":"article","og_title":"Certifica\u00e7\u00e3o Antissuborno ISO 37001 | Lei 12.846 Anticorrup\u00e7\u00e3o","og_description":"Obtenha a Certifica\u00e7\u00e3o Antissuborno com base na ISO 37001, reduza o risco de ocorr\u00eancia de suborno e esteja em conformidade com a Lei 12.846 Anticorrup\u00e7\u00e3o.","og_url":"https:\/\/rbnaconsult.com\/certificacao-antissuborno\/","og_site_name":"Certifica\u00e7\u00e3o ISO 37001","article_modified_time":"2024-06-26T13:51:12+00:00","twitter_card":"summary_large_image","schema":{"@context":"https:\/\/schema.org","@graph":[{"@type":"WebPage","@id":"https:\/\/rbnaconsult.com\/certificacao-antissuborno\/","url":"https:\/\/rbnaconsult.com\/certificacao-antissuborno\/","name":"Certifica\u00e7\u00e3o Antissuborno ISO 37001 | Lei 12.846 Anticorrup\u00e7\u00e3o","isPartOf":{"@id":"https:\/\/rbnaconsult.com\/certificacao-antissuborno\/#website"},"datePublished":"2019-10-12T10:53:36+00:00","dateModified":"2024-06-26T13:51:12+00:00","description":"Obtenha a Certifica\u00e7\u00e3o Antissuborno com base na ISO 37001, reduza o risco de ocorr\u00eancia de suborno e esteja em conformidade com a Lei 12.846 Anticorrup\u00e7\u00e3o.","breadcrumb":{"@id":"https:\/\/rbnaconsult.com\/certificacao-antissuborno\/#breadcrumb"},"inLanguage":"pt-BR","potentialAction":[{"@type":"ReadAction","target":["https:\/\/rbnaconsult.com\/certificacao-antissuborno\/"]}]},{"@type":"BreadcrumbList","@id":"https:\/\/rbnaconsult.com\/certificacao-antissuborno\/#breadcrumb","itemListElement":[{"@type":"ListItem","position":1,"name":"In\u00edcio","item":"https:\/\/rbnaconsult.com\/certificacao-antissuborno\/"},{"@type":"ListItem","position":2,"name":"Home"}]},{"@type":"WebSite","@id":"https:\/\/rbnaconsult.com\/certificacao-antissuborno\/#website","url":"https:\/\/rbnaconsult.com\/certificacao-antissuborno\/","name":"Certifica\u00e7\u00e3o ISO 37001","description":"Certifique o seu sistema de gest\u00e3o antissuborno e minimize riscos","potentialAction":[{"@type":"SearchAction","target":{"@type":"EntryPoint","urlTemplate":"https:\/\/rbnaconsult.com\/certificacao-antissuborno\/?s={search_term_string}"},"query-input":"required name=search_term_string"}],"inLanguage":"pt-BR"}]}},"_links":{"self":[{"href":"https:\/\/rbnaconsult.com\/certificacao-antissuborno\/wp-json\/wp\/v2\/pages\/7"}],"collection":[{"href":"https:\/\/rbnaconsult.com\/certificacao-antissuborno\/wp-json\/wp\/v2\/pages"}],"about":[{"href":"https:\/\/rbnaconsult.com\/certificacao-antissuborno\/wp-json\/wp\/v2\/types\/page"}],"author":[{"embeddable":true,"href":"https:\/\/rbnaconsult.com\/certificacao-antissuborno\/wp-json\/wp\/v2\/users\/1"}],"replies":[{"embeddable":true,"href":"https:\/\/rbnaconsult.com\/certificacao-antissuborno\/wp-json\/wp\/v2\/comments?post=7"}],"version-history":[{"count":2,"href":"https:\/\/rbnaconsult.com\/certificacao-antissuborno\/wp-json\/wp\/v2\/pages\/7\/revisions"}],"predecessor-version":[{"id":241,"href":"https:\/\/rbnaconsult.com\/certificacao-antissuborno\/wp-json\/wp\/v2\/pages\/7\/revisions\/241"}],"wp:attachment":[{"href":"https:\/\/rbnaconsult.com\/certificacao-antissuborno\/wp-json\/wp\/v2\/media?parent=7"}],"curies":[{"name":"wp","href":"https:\/\/api.w.org\/{rel}","templated":true}]}}